8627255?
False
Is 3587600956 a multiple of 16?
False
Is 659439998 a multiple of 15?
False
Is 123913878 a multiple of 66?
True
Is 392027 a multiple of 1365?
False
Is 171 a factor of 82443204?
True
Is 9 a factor of 28940033?
False
Is 78977754 a multiple of 1062?
True
Does 5955 divide 179369387?
False
Does 12 divide 382982534?
False
Is 60110850 a multiple of 5?
True
Is 546739816 a multiple of 4145?
False
Is 21491946 a multiple of 54?
True
Does 543 divide 6125583?
True
Is 14938976 a multiple of 13?
True
Is 24 a factor of 50383248?
True
Is 11 a factor of 126553445?
False
Is 122 a factor of 24682430?
True
Is 1024840211 a multiple of 768?
False
Is 89 a factor of 34751506?
False
Is 915298091 a multiple of 55?
False
Is 1758 a factor of 149887838?
False
Is 514579329 a multiple of 11?
True
Does 2 divide 30080473?
False
Does 83 divide 250467855?
True
Is 1757 a factor of 41722969?
False
Is 29 a factor of 2189555361?
True
Is 9402144 a multiple of 96?
True
Is 1847 a factor of 695292068?
True
Is 3223450261 a multiple of 12?
False
Is 1672 a factor of 815595962?
False
Is 1508083495 a multiple of 2468?
False
Does 644 divide 2361248?
False
Is 308447700 a multiple of 44?
True
Does 80 divide 41818817?
False
Is 2240074430 a multiple of 1510?
True
Does 226 divide 118081836?
True
Is 367436344 a multiple of 9?
False
Does 119 divide 21265300?
True
Does 605 divide 1994621907?
False
Does 45 divide 776558840?
False
Does 22 divide 3511158030?
False
Is 2 a factor of 1296320?
True
Is 1264 a factor of 22831632?
True
Is 10807890 a multiple of 30?
True
Is 71 a factor of 29269324?
True
Is 13 a factor of 894755368?
True
Is 8 a factor of 76855028?
False
Does 6 divide 769468939?
False
Does 710 divide 1872265740?
True
Is 1263 a factor of 23787203?
False
Is 2814 a factor of 62918226?
True
Is 2471 a factor of 1303469797?
True
Does 118 divide 114058210?
True
Does 11 divide 29991291?
True
Is 86519640 a multiple of 24?
True
Is 51 a factor of 590325?
True
Is 45948740 a multiple of 117?
False
Is 2112415020 a multiple of 15?
True
Is 8 a factor of 15528131?
False
Does 1034 divide 69789830?
True
Is 51168520 a multiple of 380?
True
Does 145 divide 7462135?
True
Is 383263686 a multiple of 7?
False
Is 1020 a factor of 1502558940?
True
Is 947997542 a multiple of 2756?
False
Is 29 a factor of 73538160?
False
Does 108 divide 34309253?
False
Does 12 divide 314074576?
False
Is 12 a factor of 27031963?
False
Is 1118913083 a multiple of 41?
True
Does 215 divide 47469252?
False
Is 2700371283 a multiple of 2117?
False
Is 369433533 a multiple of 133?
False
Is 46 a factor of 481786060?
True
Is 888 a factor of 568210776?
True
Is 197 a factor of 8289563?
True
Is 140893683 a multiple of 328?
False
Is 35119201 a multiple of 13?
True
Is 337 a factor of 91885105?
False
Does 62 divide 76878052?
False
Is 154532307 a multiple of 171?
False
Does 218 divide 30372518?
False
Does 6 divide 20810688?
True
Does 1298 divide 418310516?
False
Does 474 divide 60495960?
False
Is 275 a factor of 293318455?
False
Is 4780 a factor of 121254260?
True
Does 1375 divide 347111875?
True
Does 25 divide 44109325?
True
Is 491 a factor of 127099769?
True
Is 370 a factor of 11051943?
False
Does 673 divide 14038733?
False
Is 12 a factor of 2832382244?
False
Is 139 a factor of 370581331?
False
Is 204 a factor of 665731127?
False
Is 1190 a factor of 798847000?
True
Is 247586850 a multiple of 2226?
True
Is 22973274 a multiple of 138?
True
Does 67 divide 1640016955?
True
Does 131 divide 59420421?
True
Does 4 divide 94829304?
True
Is 2433 a factor of 2081251471?
False
Is 85 a factor of 24815495?
True
Does 18 divide 10781953?
False
Is 5 a factor of 2376363?
False
Does 76 divide 74023646?
False
Is 1379 a factor of 483903144?
False
Is 41413567 a multiple of 409?
False
Is 29 a factor of 1387492559?
True
Is 1708971726 a multiple of 49?
True
Is 1688 a factor of 98612777?
False
Is 12 a factor of 1054066196?
False
Does 50 divide 20521350?
True
Is 149574062 a multiple of 499?
False
Is 341 a factor of 2884519?
True
Is 15 a factor of 15621420?
True
Does 16 divide 767621819?
False
Is 3184 a factor of 62424168?
False
Does 18 divide 395518692?
False
Does 8 divide 152020254?
False
Does 4 divide 1711988?
True
Is 3 a factor of 22255937?
False
Does 518 divide 1290071230?
True
Is 8599434 a multiple of 3?
True
Does 8217 divide 3870831492?
True
Is 5702912 a multiple of 14?
False
Does 11 divide 24615140?
True
Does 8 divide 7523140?
False
Is 32402700 a multiple of 25?
True
Is 669337746 a multiple of 14?
True
Is 121720156 a multiple of 38?
True
Is 54 a factor of 50006525?
False
Is 742997376 a multiple of 1056?
True
Is 6592953 a multiple of 42?
False
Is 3 a factor of 85690347?
True
Is 1805 a factor of 2419190960?
True
Is 27 a factor of 177565743?
True
Is 45562944 a multiple of 14?
True
Is 1314148105 a multiple of 6?
False
Is 1108296354 a multiple of 23?
True
Does 194 divide 182692731?
False
Does 15 divide 20499670?
False
Is 5 a factor of 478980?
True
Does 163 divide 78111067?
True
Is 36754134 a multiple of 1593?
False
Is 21 a factor of 1696667157?
False
Is 127 a factor of 47933794?
False
Does 94 divide 3513132?
False
Is 85009680 a multiple of 420?
True
Does 188 divide 1689650780?
False
Is 20 a factor of 9983826?
False
Is 11 a factor of 32577748?
False
Does 3316 divide 5906051332?
True
Is 21106995 a multiple of 49?
True
Is 121234893 a multiple of 39?
True
Does 51 divide 7125669?
True
Is 215760050 a multiple of 218?
True
Is 252666217 a multiple of 1742?
False
Does 164 divide 196229994?
False
Does 15 divide 22023495?
True
Is 59 a factor of 37716875?
False
Is 11701189 a multiple of 140?
False
Does 5 divide 86960717?
False
Does 5 divide 34672600?
True
Does 85 divide 29341494?
False
Is 14 a factor of 156457715?
False
Does 46 divide 78104136?
True
Is 1490828976 a multiple of 81?
True
Is 1123526438 a multiple of 10?
False
Does 92 divide 5093587?
False
Is 152 a factor of 1140194899?
False
Does 266 divide 22627024?
True
Is 6464 a factor of 2421847611?
False
Does 3 divide 10198287?
True
Is 22 a factor of 11383834?
True
Is 58264533 a multiple of 327?
True
Is 334737123 a multiple of 1980?
False
Is 150 a factor of 284020694?
False
Is 1590 a factor of 587772991?
False
Is 3511641596 a multiple of 15439?
False
Is 45 a factor of 2444402?
False
Does 90 divide 160803270?
True
Does 57 divide 34985671?
False
Is 116192082 a multiple of 16?
False
Is 18 a factor of 132380284?
False
Is 217 a factor of 29073226?
True
Is 4673 a factor of 229411589?
True
Does 3597 divide 59460889?
False
Is 4 a factor of 49274381?
False
Does 48 divide 22070304?
True
Is 20661070 a multiple of 86?
True
Does 58 divide 134044090?
True
Is 685 a factor of 10893495?
False
Is 36 a factor of 14552341?
False
Does 1008 divide 62294819?
False
Is 302162696 a multiple of 1672?
False
Is 7099 a factor of 694872557?
False
Is 135 a factor of 2173056?
False
Is 1433 a factor of 214776992?
False
Does 16 divide 33290162?
False
Does 240 divide 19339928?
False
Does 684 divide 96890343?
False
Is 40287895 a multiple of 5?
True
Is 26 a factor of 683408000?
False
Does 22 divide 23715230?
True
Does 6 divide 18215220?
True
Does 519 divide 5708481?
True
Is 3699036 even?
True
Is 112 a factor of 8782391?
False
Is 80 a factor of 57121680?
True
Is 199605130 a multiple of 5?
True
Is 372 a factor of 7539104?
False
Is 2942957566 a multiple of 15?
False
Does 154 divide 149446990?
True
Is 150 a factor of 492305653?
False
Is 1750888284 a multiple of 1317?
True
Does 825 divide 6997650?
True
Is 3852795200 a multiple of 50?
True
Does 325 divide 93758600?
True
Is 23541048 a multiple of 12?
True
Is 9262375 a multiple of 315?
False
Is 43563548 a multiple of 49?
True
Does 700 divide 6993879?
False
Is 1281177901 a multiple of 23?
True
Does 4203 divide 161682898?
False
Is 5266950 a multiple of 195?
True
Is 147 a factor of 1517003313?
False
Is 242 a factor of 2740311551?
False
Is 125 a factor of 27220500?
True
Does 23 divide 23253889?
False
Does 7 divide 15416413?
False
Is 106736210 a multiple of 241?
False
Is 4364 a factor of 142035108?
True
Does 167 divide 57173786?
True
Is 29399955 a multiple of 65?
True
Does 29 divide 34613875?
False
Is 113824550 a multiple of 70?
True
Is 383675760 a multiple of 30?
True
Is 116552035 a multiple of 260?
False
Is 16 a factor o